f m(g).
2, 7
Let o = 41 + -41. Let q be -2*(-2)/(-16)*o. Suppose 0 = -q*h - 3*h - 12, c - 3*h - 90 = 0. What are the prime factors of c?
2, 3, 13
Suppose 31 - 191 = -5*g. Suppose -3*w - b - g = 2*w, -4*b = -5*w - 47. List the prime factors of (3 + w + 2)*-4.
2
Suppose 0 = -231*k + 237*k - 102. Suppose 32*q = k*q + 9090. What are the prime factors of q?
2, 3, 101
Let o(i) = 317*i**3 - 108*i + 342. What are the prime factors of o(3)?
3, 953
Suppose 523*p - 377*p - 970608 = 0. List the prime factors of p.
2, 3, 277
Let o(g) = -42 + 48 + 2*g**3 - 15*g + 0*g**3 + 13*g**2. What are the prime factors of o(8)?
2, 13, 67
List the prime factors of (1 - (-36448)/16)*1.
43, 53
Let r be (1 + 722/(-8))/((-24)/64). Let k = r + 5. What are the prime factors of k?
3
Suppose 46 = -16*q + 174. Suppose -4*a = -3*i + 133, -147 = -3*i - q*a + 5*a. List the prime factors of i.
47
Let y be -24*7/(-14)*1. What are the prime factors of (-2790)/(-12)*(76/y - 5)?
2, 5, 31
Let v = 398 - 376. Suppose 1854 = -4*f + v*f. List the prime factors of f.
103
Let i(b) = -2*b**3 - 21*b**2 + 10*b - 9. Let t = -78 + 67. Let o be i(t). Suppose -o*n = -11*n + 1539. List the prime factors of n.
3, 19
Let n = 45007 + -473. List the prime factors of n.
2, 7, 3181
Suppose 6 = -14*p - 22. What are the prime factors of (-2)/4 + (-257)/p?
2
Let u(w) = w**3 - 4*w**2 - 2*w - 6. Let y be u(5). Let j be (-8*11/(-176))/(1/(-22)). What are the prime factors of (y + j)/((-1)/19)?
2, 19
Suppose 52*d = 48*d + 540. What are the prime factors of 1/(-5) - (-3879)/d*3?
2, 43
Let s = 3586 - 2547. Let k = 156 + s. What are the prime factors of k?
5, 239
Let v(m) = -1702*m - 5175. List the prime factors of v(-28).
23, 1847
Let o be (-1 + (0 - -1))*(-24)/72. List the prime factors of 624/6 - o*4/(-16).
2, 13
Let y(d) = d + 22. Let l be y(-12). Suppose -459 = -l*z + 221. What are the prime factors of z?
2, 17
Let a = -27680 - -29986. What are the prime factors of a?
2, 1153
Let n = 2412 - 1891. List the prime factors of n.
521
Suppose 24650 - 3374 = 54*w - 64908. What are the prime factors of w?
2, 3, 7, 19
What are the prime factors of (-13)/2 + 2 + 4 - (-49370)/20?
2, 617
Let n = -64668 + 113166. What are the prime factors of n?
2, 3, 59, 137
Let h be (-7)/21*-3*(-90)/(-3). What are the prime factors of (-4)/h + (-1)/(75/(-14410))?
2, 3
Let z(q) be the first derivative of q**4/2 + 5*q**3/3 + 5*q**2 - 24*q - 58. What are the prime factors of z(7)?
977
Suppose -2*v + 2425 = 5*w - v, 5*w = -2*v + 2420. Suppose 5*b = 3*g + 2474, -7*g = -b - 2*g + w. List the prime factors of b.
2, 31
Let s(j) = -27*j + 2285. What are the prime factors of s(-55)?
2, 5, 13, 29
Let d = 21444 - 17291. What are the prime factors of d?
4153
Let k(d) = -1804*d + 27. Let a be k(-1). Let z = a - 1168. What are the prime factors of z?
3, 13, 17
Suppose 8907 = 13*a + 1133. Let b = a + -313. List the prime factors of b.
3, 5, 19
Let f = 266 + -253. Let g(j) = 14*j - 48. List the prime factors of g(f).
2, 67
Let i = -3275 + 9128. What are the prime factors of i?
3, 1951
Let m = -12120 - -51472. List the prime factors of m.
2, 4919
Suppose 0 = 3*v + 314*j - 316*j - 207332, -13*j + 26 = 0. List the prime factors of v.
2, 53, 163
Suppose 25*y - 9*y + 1360 = 0. Suppose 0*z - 588 = -4*u + 4*z, -4*u = 4*z - 588. Let v = u + y. List the prime factors of v.
2, 31
Let x(s) = 5976*s**2 - 505*s - 1009. What are the prime factors of x(-2)?
5, 7, 683
Let q(j) = j**2 + 8*j + 20. Let u be q(-4). Suppose u*x - 232 = -2*f, -4*x = 3*f - 0*f - 354. List the prime factors of f.
2, 61
Let o(y) = 11*y**2 + 25*y - 18. Let q be o(-16). Let m = q - 1689. List the prime factors of m.
709
Let i = -14527 - -23842. What are the prime factors of i?
3, 5, 23
Let w = 72 + -43. Suppose 52*c + 17 = -2*u + 51*c, u + 26 = -3*c. Let r = w + u. List the prime factors of r.
2, 3
Let b(v) = v**3 - 19*v**2 + 44*v + 30. Suppose 0 = -2*k + 2*m - 2 + 44, 2*m = 5*k - 99. List the prime factors of b(k).
2, 433
Suppose 27*c - 5753 = 38*c. Let q = c - -622. What are the prime factors of q?
3, 11
Let r(q) = q**2 - 11*q + 27. Let n be r(8). Suppose 0 = -4*x + 3*h + 2 - 11, 3*x = -n*h - 33. Let v = -1 - x. What are the prime factors of v?
5
Suppose -4*b + 2*c = -712, 2*b - 4*c - 418 + 74 = 0. Let m = -164 - -72. Let s = b + m. List the prime factors of s.
2, 11
Let h(a) = 100*a + 1044. What are the prime factors of h(55)?
2, 409
Let j(q) = -q**3 - 17*q**2 - 2*q - 63. Let r be j(-10). List the prime factors of -48 + 57 - r*2.
5, 13, 23
Let r(p) be the third derivative of p**5/60 + 3*p**4/8 + 25*p**3/6 + p**2. Suppose 172*o - 157*o + 75 = 0. What are the prime factors of r(o)?
5
Let q = -261 + 144. Let m = q - -111. Let u(o) = -2*o + 22. List the prime factors of u(m).
2, 17
Suppose -c - 4528 = -5*z, 137 = -z + c + 1037. What are the prime factors of z?
907
Suppose 2*n + 406 = 2*o - 20, 817 = -4*n - 3*o. Let u(v) = -12*v + 13. Let j be u(13). Let t = j - n. List the prime factors of t.
5, 13
List the prime factors of 108/(-24)*(-82596)/54.
6883
Let p(l) = 6*l**2 - 2*l - 50. Let a be p(8). List the prime factors of ((-2)/(-3))/(4/a).
53
Let x be (-5)/10 + ((-5985)/(-2))/7. Let h = 833 - x. List the prime factors of h.
2, 7, 29
Let p be 89372*(-1)/(-16) - (-5)/20. Suppose 15*j - 8*j - p = 0. List the prime factors of j.
2, 3, 7, 19
Let o(f) = 3*f**3 + 6*f**2 - f + 11. Let v be o(-5). Let a be (-1)/(-3 + (-628)/v). What are the prime factors of 6/4 - (0 - a/(-2))?
2, 53
Let g(z) = 9921*z + 2240. List the prime factors of g(4).
2, 47, 223
Let y = -60 - -58. Let n be (-3 - -5) + -3 + 5 - y. List the prime factors of 83 + 3 + n/(-2).
83
Let a be (6 - 2)*(-3212)/(-88). Let l = 613 + -293. Let r = l - a. List the prime factors of r.
2, 3, 29
Suppose 2*l - 4*l = -92. Let x = 46 - l. Suppose x*r + 909 = 9*r. What are the prime factors of r?
101
Suppose 17*k - 21*k = 18048. Let w = -2638 - k. What are the prime factors of w?
2, 937
Suppose -3638368 = -71*f - 14*f + 1426782. List the prime factors of f.
2, 5, 59, 101
Let d be (238/4)/((1/(-2))/(-1)). Let w = d - -310. Suppose -6*v + w = -153. What are the prime factors of v?
97
Suppose 94*n = 90*n + 392. Suppose n = 2*h - 60. What are the prime factors of h?
79
Suppose 4*n + 47 + 1 = 0. Let a = 253 + 146. List the prime factors of (-27)/12 - -2 - a/n.
3, 11
Let r(x) = x**3 - 2*x**2 - x + 1. Let m be r(2). Suppose -61*c = -947 + 215. What are the prime factors of -3*412/c*m?
103
Let v = -42 + 53. Suppose -566 = -v*r + 336. Suppose 30 + 18 = d - 3*t, -t + r = 2*d. What are the prime factors of d?
2, 3, 7
Let z(b) = b**2 - 9*b + 26. Let g = -44 - -59. Let w be z(g). Suppose -3*q - 3*n + 80 = n, -w = -5*q + 2*n. What are the prime factors of q?
2, 3
Suppose -26406 = -h + 3*z, -5*z + 52823 = 108*h - 106*h. List the prime factors of h.
3, 8803
Let r = -5584 + 8049. List the prime factors of r.
5, 17, 29
Let d = 8 - -69. Let n = -46 + d. What are the prime factors of n?
31
Let b = 31 + -29. Suppose -4*f - 2 = -b*s, 5*f + 9 = -4*s - 0. List the prime factors of (3/(-1) + -70)*f.
73
Suppose -552 = 2*v - 5*v. Suppose v = -6*q + 8*q. Suppose 0 = 2*h - 6*a + 3*a - 199, -4*a - q = -h. List the prime factors of h.
2, 13
Let b(h) = 2*h**2 + 27*h - 45. Let g be b(-16). Let j(z) = 10*z - 21. What are the prime factors of j(g)?
7, 47
Let i(d) = -3*d**2 + 24*d + 10. Let v be (-4)/18 + (-538)/9. Let s be 6*((-16)/v)/((-4)/(-20)). List the prime factors of i(s).
2, 5
Let g(k) = -181*k - 2 + 76*k + 83*k + 29*k**2. List the prime factors of g(-3).
5, 13
Let z(x) = 4*x**3 + 2*x**2 + 4. Let v be z(3). Let s be (v - -2)/(-4)*1. Let u = s + 55. What are the prime factors of u?
2, 11
Let d = 3281 - 1348. Suppose -d = -5*p + 2*z, p - 6*p = -5*z - 1945. What are the prime factors of p?
5, 7, 11
Let j(b) = -2*b**3 + 51*b**2 - 26*b + 28. Let s be j(25). Suppose s*k + 1241 = 4*k + 4*z, 2547 = 2*k - 5*z. What are the prime factors of k?
13, 97
Let v(x) = -4*x - 11. Let g be v(-5). Let m be 14*3*(-7)/14. Let q = g - m. What are the prime factors of q?
2, 3, 5
Let y = -29 + 31. Suppose -13 = -v + y*g, 5*g + 3 = v - 25. Suppose 0 = v*f - 5*j - 234, -5*j + 430 = -0*f + 5*f. What are the prime factors of f?
83
Suppose 28*z - 10 = 23*z. Suppose -3*o = x - z*o + 6792, -3*x - 20371 = 2*o. Wh